{"id":4926,"date":"2023-08-05T13:45:59","date_gmt":"2023-08-05T11:45:59","guid":{"rendered":"https:\/\/beautezenmarseille.fr\/?page_id=4926"},"modified":"2023-08-23T22:06:32","modified_gmt":"2023-08-23T20:06:32","slug":"maquillage","status":"publish","type":"page","link":"https:\/\/beautezenmarseille.fr\/?page_id=4926","title":{"rendered":"Maquillage"},"content":{"rendered":"\t\t<div data-elementor-type=\"wp-page\" data-elementor-id=\"4926\" class=\"elementor elementor-4926\" data-elementor-post-type=\"page\">\n\t\t\t\t\t\t\t\t\t<section class=\"elementor-section elementor-top-section elementor-element elementor-element-67414f1f elementor-section-boxed elementor-section-height-default elementor-section-height-default\" data-id=\"67414f1f\" data-element_type=\"section\" data-settings=\"{&quot;background_background&quot;:&quot;classic&quot;}\">\n\t\t\t\t\t\t\t<div class=\"elementor-background-overlay\"><\/div>\n\t\t\t\t\t\t\t<div class=\"elementor-container elementor-column-gap-default\">\n\t\t\t\t\t<div class=\"elementor-column elementor-col-50 elementor-top-column elementor-element elementor-element-75e0ecea animated-slow elementor-invisible\" data-id=\"75e0ecea\" data-element_type=\"column\" data-settings=\"{&quot;animation&quot;:&quot;fadeInLeft&quot;}\">\n\t\t\t<div class=\"elementor-widget-wrap elementor-element-populated\">\n\t\t\t\t\t\t\t\t<div class=\"elementor-element elementor-element-43b77af0 elementor-widget elementor-widget-heading\" data-id=\"43b77af0\" data-element_type=\"widget\" data-widget_type=\"heading.default\">\n\t\t\t\t<div class=\"elementor-widget-container\">\n\t\t\t<style>\/*! elementor - v3.16.0 - 14-09-2023 *\/\n.elementor-heading-title{padding:0;margin:0;line-height:1}.elementor-widget-heading .elementor-heading-title[class*=elementor-size-]>a{color:inherit;font-size:inherit;line-height:inherit}.elementor-widget-heading .elementor-heading-title.elementor-size-small{font-size:15px}.elementor-widget-heading .elementor-heading-title.elementor-size-medium{font-size:19px}.elementor-widget-heading .elementor-heading-title.elementor-size-large{font-size:29px}.elementor-widget-heading .elementor-heading-title.elementor-size-xl{font-size:39px}.elementor-widget-heading .elementor-heading-title.elementor-size-xxl{font-size:59px}<\/style><h2 class=\"elementor-heading-title elementor-size-default\">Une mise en beaut\u00e9 conforme \u00e0 vos attentes <\/h2>\t\t<\/div>\n\t\t\t\t<\/div>\n\t\t\t\t<div class=\"elementor-element elementor-element-3b15751f elementor-drop-cap-yes elementor-drop-cap-view-default elementor-widget elementor-widget-text-editor\" data-id=\"3b15751f\" data-element_type=\"widget\" data-settings=\"{&quot;drop_cap&quot;:&quot;yes&quot;}\" data-widget_type=\"text-editor.default\">\n\t\t\t\t<div class=\"elementor-widget-container\">\n\t\t\t<style>\/*! elementor - v3.16.0 - 14-09-2023 *\/\n.elementor-widget-text-editor.elementor-drop-cap-view-stacked .elementor-drop-cap{background-color:#69727d;color:#fff}.elementor-widget-text-editor.elementor-drop-cap-view-framed .elementor-drop-cap{color:#69727d;border:3px solid;background-color:transparent}.elementor-widget-text-editor:not(.elementor-drop-cap-view-default) .elementor-drop-cap{margin-top:8px}.elementor-widget-text-editor:not(.elementor-drop-cap-view-default) .elementor-drop-cap-letter{width:1em;height:1em}.elementor-widget-text-editor .elementor-drop-cap{float:left;text-align:center;line-height:1;font-size:50px}.elementor-widget-text-editor .elementor-drop-cap-letter{display:inline-block}<\/style>\t\t\t\t<section class=\"elementor-section elementor-top-section elementor-element elementor-element-c04c97d elementor-section-boxed elementor-section-height-default elementor-section-height-default\" data-id=\"c04c97d\" data-element_type=\"section\"><div class=\"elementor-container elementor-column-gap-default\"><div class=\"elementor-column elementor-col-100 elementor-top-column elementor-element elementor-element-1e678aa\" data-id=\"1e678aa\" data-element_type=\"column\"><div class=\"elementor-widget-wrap elementor-element-populated\"><div class=\"elementor-element elementor-element-8c06f08 elementor-widget elementor-widget-text-editor\" data-id=\"8c06f08\" data-element_type=\"widget\" data-widget_type=\"text-editor.default\"><div class=\"elementor-widget-container\"><h3><strong>Le jour de votre mariage est l\u2019un des moments les plus importants de votre vie. Vous voulez \u00eatre belle et confiante, et le maquillage peut vous aider \u00e0 atteindre cet objectif. Pour un look mari\u00e9e, optez pour un maquillage naturel qui mettra en valeur vos traits sans \u00eatre trop dramatique.\u00a0<\/strong><\/h3><\/div><\/div><\/div><\/div><\/div><\/section><section class=\"elementor-section elementor-top-section elementor-element elementor-element-5e23fc9 elementor-section-boxed elementor-section-height-default elementor-section-height-default\" data-id=\"5e23fc9\" data-element_type=\"section\" data-settings=\"{&quot;background_background&quot;:&quot;classic&quot;}\"><div class=\"elementor-container elementor-column-gap-default\"><div class=\"elementor-column elementor-col-33 elementor-top-column elementor-element elementor-element-e191073\" data-id=\"e191073\" data-element_type=\"column\" data-settings=\"{&quot;animation_mobile&quot;:&quot;none&quot;}\"><div class=\"elementor-widget-wrap elementor-element-populated\"><div class=\"elementor-element elementor-element-0a68750 elementor-widget elementor-widget-text-editor\" data-id=\"0a68750\" data-element_type=\"widget\" data-widget_type=\"text-editor.default\"><div class=\"elementor-widget-container\">\u00a0<\/div><\/div><\/div><\/div><\/div><\/section>\t\t\t\t\t\t<\/div>\n\t\t\t\t<\/div>\n\t\t\t\t\t<\/div>\n\t\t<\/div>\n\t\t\t\t<div class=\"elementor-column elementor-col-50 elementor-top-column elementor-element elementor-element-70e79607\" data-id=\"70e79607\" data-element_type=\"column\">\n\t\t\t<div class=\"elementor-widget-wrap elementor-element-populated\">\n\t\t\t\t\t\t\t\t<div class=\"elementor-element elementor-element-52b81f31 animated-slow elementor-invisible elementor-widget elementor-widget-image\" data-id=\"52b81f31\" data-element_type=\"widget\" data-settings=\"{&quot;_animation&quot;:&quot;fadeInDown&quot;}\" data-widget_type=\"image.default\">\n\t\t\t\t<div class=\"elementor-widget-container\">\n\t\t\t<style>\/*! elementor - v3.16.0 - 14-09-2023 *\/\n.elementor-widget-image{text-align:center}.elementor-widget-image a{display:inline-block}.elementor-widget-image a img[src$=\".svg\"]{width:48px}.elementor-widget-image img{vertical-align:middle;display:inline-block}<\/style>\t\t\t\t\t\t\t\t\t\t\t\t<img loading=\"lazy\" decoding=\"async\" width=\"768\" height=\"660\" src=\"https:\/\/beautezenmarseille.fr\/wp-content\/uploads\/2023\/08\/bride-with-beautiful-hairdo-sitting-chair-closed-her-eyes-makeup-artist-makes-makeup-768x660.webp\" class=\"attachment-mellis_thumbnail size-mellis_thumbnail wp-image-5534\" alt=\"\" \/>\t\t\t\t\t\t\t\t\t\t\t\t\t\t\t<\/div>\n\t\t\t\t<\/div>\n\t\t\t\t\t<\/div>\n\t\t<\/div>\n\t\t\t\t\t\t\t<\/div>\n\t\t<\/section>\n\t\t\t\t<section class=\"elementor-section elementor-top-section elementor-element elementor-element-ea09048 elementor-section-boxed elementor-section-height-default elementor-section-height-default\" data-id=\"ea09048\" data-element_type=\"section\">\n\t\t\t\t\t\t<div class=\"elementor-container elementor-column-gap-default\">\n\t\t\t\t\t<div class=\"elementor-column elementor-col-100 elementor-top-column elementor-element elementor-element-0392c3f\" data-id=\"0392c3f\" data-element_type=\"column\">\n\t\t\t<div class=\"elementor-widget-wrap elementor-element-populated\">\n\t\t\t\t\t\t\t\t<section class=\"elementor-section elementor-inner-section elementor-element elementor-element-7bd8b09 elementor-section-boxed elementor-section-height-default elementor-section-height-default\" data-id=\"7bd8b09\" data-element_type=\"section\">\n\t\t\t\t\t\t<div class=\"elementor-container elementor-column-gap-default\">\n\t\t\t\t\t<div class=\"elementor-column elementor-col-100 elementor-inner-column elementor-element elementor-element-1147e48\" data-id=\"1147e48\" data-element_type=\"column\">\n\t\t\t<div class=\"elementor-widget-wrap elementor-element-populated\">\n\t\t\t\t\t\t\t\t<div class=\"elementor-element elementor-element-4c9bced elementor-widget elementor-widget-heading\" data-id=\"4c9bced\" data-element_type=\"widget\" data-widget_type=\"heading.default\">\n\t\t\t\t<div class=\"elementor-widget-container\">\n\t\t\t<h2 class=\"elementor-heading-title elementor-size-default\">Les bienfaits du maquillage\u00a0<\/h2>\t\t<\/div>\n\t\t\t\t<\/div>\n\t\t\t\t\t<\/div>\n\t\t<\/div>\n\t\t\t\t\t\t\t<\/div>\n\t\t<\/section>\n\t\t\t\t\t<\/div>\n\t\t<\/div>\n\t\t\t\t\t\t\t<\/div>\n\t\t<\/section>\n\t\t\t\t<section class=\"elementor-section elementor-top-section elementor-element elementor-element-5e564927 elementor-section-boxed elementor-section-height-default elementor-section-height-default\" data-id=\"5e564927\" data-element_type=\"section\" data-settings=\"{&quot;background_background&quot;:&quot;classic&quot;}\">\n\t\t\t\t\t\t\t<div class=\"elementor-background-overlay\"><\/div>\n\t\t\t\t\t\t\t<div class=\"elementor-container elementor-column-gap-default\">\n\t\t\t\t\t<div class=\"elementor-column elementor-col-50 elementor-top-column elementor-element elementor-element-74847f20 animated-slow elementor-invisible\" data-id=\"74847f20\" data-element_type=\"column\" data-settings=\"{&quot;animation&quot;:&quot;fadeInLeft&quot;}\">\n\t\t\t<div class=\"elementor-widget-wrap elementor-element-populated\">\n\t\t\t\t\t\t\t\t<div class=\"elementor-element elementor-element-47877e3f elementor-widget elementor-widget-image\" data-id=\"47877e3f\" data-element_type=\"widget\" data-widget_type=\"image.default\">\n\t\t\t\t<div class=\"elementor-widget-container\">\n\t\t\t\t\t\t\t\t\t\t\t\t\t\t\t<img loading=\"lazy\" decoding=\"async\" width=\"800\" height=\"533\" src=\"https:\/\/beautezenmarseille.fr\/wp-content\/uploads\/2023\/08\/woman-getting-her-make-up-done-by-professional.webp\" class=\"attachment-large size-large wp-image-5546\" alt=\"\" srcset=\"https:\/\/beautezenmarseille.fr\/wp-content\/uploads\/2023\/08\/woman-getting-her-make-up-done-by-professional.webp 1020w, https:\/\/beautezenmarseille.fr\/wp-content\/uploads\/2023\/08\/woman-getting-her-make-up-done-by-professional-300x200.webp 300w, https:\/\/beautezenmarseille.fr\/wp-content\/uploads\/2023\/08\/woman-getting-her-make-up-done-by-professional-768x512.webp 768w, https:\/\/beautezenmarseille.fr\/wp-content\/uploads\/2023\/08\/woman-getting-her-make-up-done-by-professional-800x533.webp 800w\" sizes=\"auto, (max-width: 800px) 100vw, 800px\" \/>\t\t\t\t\t\t\t\t\t\t\t\t\t\t\t<\/div>\n\t\t\t\t<\/div>\n\t\t\t\t\t<\/div>\n\t\t<\/div>\n\t\t\t\t<div class=\"elementor-column elementor-col-50 elementor-top-column elementor-element elementor-element-50d8e79e\" data-id=\"50d8e79e\" data-element_type=\"column\">\n\t\t\t<div class=\"elementor-widget-wrap elementor-element-populated\">\n\t\t\t\t\t\t\t\t<div class=\"elementor-element elementor-element-3c6c03b5 elementor-widget elementor-widget-text-editor\" data-id=\"3c6c03b5\" data-element_type=\"widget\" data-widget_type=\"text-editor.default\">\n\t\t\t\t<div class=\"elementor-widget-container\">\n\t\t\t\t\t\t\t<ol><li>Am\u00e9lioration de la confiance en soi : Le maquillage peut aider \u00e0 augmenter l&rsquo;estime de soi en camouflant les imperfections et en mettant en valeur les traits souhait\u00e9s.<\/li><li>Expression personnelle : Le maquillage permet de cr\u00e9er des looks uniques qui refl\u00e8tent la personnalit\u00e9 et le style individuels.<\/li><li>Camouflage des imperfections : Il permet de masquer les taches, les cernes et les rougeurs.<\/li><li>Mise en valeur des traits : Le maquillage peut accentuer les yeux, les l\u00e8vres et les pommettes, cr\u00e9ant ainsi un effet visuel agr\u00e9able.<\/li><li>Transformation artistique : Utilis\u00e9 pour des occasions sp\u00e9ciales ou des \u00e9v\u00e9nements, le maquillage peut cr\u00e9er des looks dramatiques ou fantaisistes.<\/li><li>Sentiment de pr\u00e9paration : Le maquillage peut aider \u00e0 se sentir pr\u00eat et pr\u00e9sentable pour les activit\u00e9s quotidiennes ou les \u00e9v\u00e9nements sp\u00e9ciaux.<\/li><li>Appr\u00e9ciation esth\u00e9tique : Certaines personnes trouvent le maquillage artistiquement gratifiant \u00e0 appliquer et \u00e0 appr\u00e9cier.<\/li><li>Effet psychologique : L&rsquo;acte de se maquiller peut avoir un effet positif sur le moral et le bien-\u00eatre mental.<\/li><\/ol><p>Cependant, il est important de donner \u00e0 la peau des p\u00e9riodes de repos sans maquillage et d&rsquo;utiliser des produits de qualit\u00e9 pour \u00e9viter tout impact n\u00e9gatif sur la peau.<\/p>\t\t\t\t\t\t<\/div>\n\t\t\t\t<\/div>\n\t\t\t\t<div class=\"elementor-element elementor-element-6db3b391 elementor-align-center elementor-widget elementor-widget-button\" data-id=\"6db3b391\" data-element_type=\"widget\" data-widget_type=\"button.default\">\n\t\t\t\t<div class=\"elementor-widget-container\">\n\t\t\t\t\t<div class=\"elementor-button-wrapper\">\n\t\t\t<a class=\"elementor-button elementor-button-link elementor-size-sm\" href=\"https:\/\/beautezenmarseille.fr\/?page_id=32\">\n\t\t\t\t\t\t<span class=\"elementor-button-content-wrapper\">\n\t\t\t\t\t\t<span class=\"elementor-button-text\">VOIR LES TARIFS<\/span>\n\t\t<\/span>\n\t\t\t\t\t<\/a>\n\t\t<\/div>\n\t\t\t\t<\/div>\n\t\t\t\t<\/div>\n\t\t\t\t<section class=\"elementor-section elementor-inner-section elementor-element elementor-element-18ef53d5 elementor-section-boxed elementor-section-height-default elementor-section-height-default\" data-id=\"18ef53d5\" data-element_type=\"section\">\n\t\t\t\t\t\t<div class=\"elementor-container elementor-column-gap-default\">\n\t\t\t\t\t<div class=\"elementor-column elementor-col-33 elementor-inner-column elementor-element elementor-element-6c7ded12 animated-slow elementor-invisible\" data-id=\"6c7ded12\" data-element_type=\"column\" data-settings=\"{&quot;animation&quot;:&quot;fadeInUp&quot;,&quot;animation_delay&quot;:50}\">\n\t\t\t<div class=\"elementor-widget-wrap elementor-element-populated\">\n\t\t\t\t\t\t\t\t<div class=\"elementor-element elementor-element-0e47d92 elementor-widget elementor-widget-image\" data-id=\"0e47d92\" data-element_type=\"widget\" data-widget_type=\"image.default\">\n\t\t\t\t<div class=\"elementor-widget-container\">\n\t\t\t\t\t\t\t\t\t\t\t\t\t\t\t<img loading=\"lazy\" decoding=\"async\" width=\"950\" height=\"713\" src=\"https:\/\/beautezenmarseille.fr\/wp-content\/uploads\/2023\/08\/foundation-powder-brush-white-background.webp\" class=\"attachment-2048x2048 size-2048x2048 wp-image-5550\" alt=\"\" srcset=\"https:\/\/beautezenmarseille.fr\/wp-content\/uploads\/2023\/08\/foundation-powder-brush-white-background.webp 950w, https:\/\/beautezenmarseille.fr\/wp-content\/uploads\/2023\/08\/foundation-powder-brush-white-background-300x225.webp 300w, https:\/\/beautezenmarseille.fr\/wp-content\/uploads\/2023\/08\/foundation-powder-brush-white-background-768x576.webp 768w, https:\/\/beautezenmarseille.fr\/wp-content\/uploads\/2023\/08\/foundation-powder-brush-white-background-800x600.webp 800w\" sizes=\"auto, (max-width: 950px) 100vw, 950px\" \/>\t\t\t\t\t\t\t\t\t\t\t\t\t\t\t<\/div>\n\t\t\t\t<\/div>\n\t\t\t\t\t<\/div>\n\t\t<\/div>\n\t\t\t\t<div class=\"elementor-column elementor-col-33 elementor-inner-column elementor-element elementor-element-4aface63 elementor-hidden-tablet elementor-hidden-mobile animated-slow elementor-invisible\" data-id=\"4aface63\" data-element_type=\"column\" data-settings=\"{&quot;background_background&quot;:&quot;classic&quot;,&quot;animation&quot;:&quot;fadeInDown&quot;,&quot;animation_delay&quot;:100}\">\n\t\t\t<div class=\"elementor-widget-wrap elementor-element-populated\">\n\t\t\t\t\t\t\t\t<div class=\"elementor-element elementor-element-7f149287 elementor-widget elementor-widget-image\" data-id=\"7f149287\" data-element_type=\"widget\" data-widget_type=\"image.default\">\n\t\t\t\t<div class=\"elementor-widget-container\">\n\t\t\t\t\t\t\t\t\t\t\t\t\t\t\t<img decoding=\"async\" src=\"https:\/\/beautezenmarseille.fr\/wp-content\/uploads\/2023\/08\/makeup-cosmetics-palette-brushes-white-background.webp\" title=\"makeup-cosmetics-palette-brushes-white-background\" alt=\"makeup-cosmetics-palette-brushes-white-background\" loading=\"lazy\" \/>\t\t\t\t\t\t\t\t\t\t\t\t\t\t\t<\/div>\n\t\t\t\t<\/div>\n\t\t\t\t\t<\/div>\n\t\t<\/div>\n\t\t\t\t<div class=\"elementor-column elementor-col-33 elementor-inner-column elementor-element elementor-element-38668e66 elementor-hidden-tablet elementor-hidden-mobile animated-slow elementor-invisible\" data-id=\"38668e66\" data-element_type=\"column\" data-settings=\"{&quot;background_background&quot;:&quot;classic&quot;,&quot;animation&quot;:&quot;fadeInUp&quot;,&quot;animation_delay&quot;:150}\">\n\t\t\t<div class=\"elementor-widget-wrap elementor-element-populated\">\n\t\t\t\t\t\t\t\t<div class=\"elementor-element elementor-element-5cfedd16 elementor-widget elementor-widget-image\" data-id=\"5cfedd16\" data-element_type=\"widget\" data-widget_type=\"image.default\">\n\t\t\t\t<div class=\"elementor-widget-container\">\n\t\t\t\t\t\t\t\t\t\t\t\t\t\t\t<img decoding=\"async\" src=\"https:\/\/beautezenmarseille.fr\/wp-content\/uploads\/2023\/08\/top-view-lipstick-with-brush.webp\" title=\"top-view-lipstick-with-brush\" alt=\"top-view-lipstick-with-brush\" loading=\"lazy\" \/>\t\t\t\t\t\t\t\t\t\t\t\t\t\t\t<\/div>\n\t\t\t\t<\/div>\n\t\t\t\t\t<\/div>\n\t\t<\/div>\n\t\t\t\t\t\t\t<\/div>\n\t\t<\/section>\n\t\t\t\t\t<\/div>\n\t\t<\/div>\n\t\t\t\t\t\t\t<\/div>\n\t\t<\/section>\n\t\t\t\t\t\t\t<\/div>\n\t\t","protected":false},"excerpt":{"rendered":"<p>Une mise en beaut\u00e9 conforme \u00e0 vos attentes Le jour de votre mariage est l\u2019un des moments les plus importants de votre vie. Vous voulez \u00eatre belle et confiante, et le maquillage peut vous aider \u00e0 atteindre cet objectif. Pour un look mari\u00e9e, optez pour un maquillage naturel qui mettra en valeur vos traits sans [&hellip;]<\/p>\n","protected":false},"author":1,"featured_media":4842,"parent":0,"menu_order":0,"comment_status":"closed","ping_status":"closed","template":"elementor_header_footer","meta":{"_joinchat":[],"footnotes":""},"class_list":["post-4926","page","type-page","status-publish","has-post-thumbnail","hentry"],"yoast_head":"<!-- This site is optimized with the Yoast SEO Premium plugin v21.0 (Yoast SEO v21.0) - https:\/\/yoast.com\/wordpress\/plugins\/seo\/ -->\n<title>Maquillage -<\/title>\n<meta name=\"robots\" content=\"index, follow, max-snippet:-1, max-image-preview:large, max-video-preview:-1\" \/>\n<link rel=\"canonical\" href=\"https:\/\/beautezenmarseille.fr\/?page_id=4926\" \/>\n<meta property=\"og:locale\" content=\"fr_FR\" \/>\n<meta property=\"og:type\" content=\"article\" \/>\n<meta property=\"og:title\" content=\"Maquillage\" \/>\n<meta property=\"og:description\" content=\"Une mise en beaut\u00e9 conforme \u00e0 vos attentes Le jour de votre mariage est l\u2019un des moments les plus importants de votre vie. Vous voulez \u00eatre belle et confiante, et le maquillage peut vous aider \u00e0 atteindre cet objectif. Pour un look mari\u00e9e, optez pour un maquillage naturel qui mettra en valeur vos traits sans [&hellip;]\" \/>\n<meta property=\"og:url\" content=\"https:\/\/beautezenmarseille.fr\/?page_id=4926\" \/>\n<meta property=\"article:modified_time\" content=\"2023-08-23T20:06:32+00:00\" \/>\n<meta property=\"og:image\" content=\"https:\/\/beautezenmarseille.fr\/wp-content\/uploads\/2023\/07\/young-woman-smiling-and-stroking-legs-e1646711886895.jpg\" \/>\n\t<meta property=\"og:image:width\" content=\"1510\" \/>\n\t<meta property=\"og:image:height\" content=\"1510\" \/>\n\t<meta property=\"og:image:type\" content=\"image\/jpeg\" \/>\n<meta name=\"twitter:card\" content=\"summary_large_image\" \/>\n<meta name=\"twitter:label1\" content=\"Dur\u00e9e de lecture estim\u00e9e\" \/>\n\t<meta name=\"twitter:data1\" content=\"1 minute\" \/>\n<script type=\"application\/ld+json\" class=\"yoast-schema-graph\">{\"@context\":\"https:\/\/schema.org\",\"@graph\":[{\"@type\":\"WebPage\",\"@id\":\"https:\/\/beautezenmarseille.fr\/?page_id=4926\",\"url\":\"https:\/\/beautezenmarseille.fr\/?page_id=4926\",\"name\":\"Maquillage -\",\"isPartOf\":{\"@id\":\"https:\/\/beautezenmarseille.fr\/#website\"},\"datePublished\":\"2023-08-05T11:45:59+00:00\",\"dateModified\":\"2023-08-23T20:06:32+00:00\",\"breadcrumb\":{\"@id\":\"https:\/\/beautezenmarseille.fr\/?page_id=4926#breadcrumb\"},\"inLanguage\":\"fr-FR\",\"potentialAction\":[{\"@type\":\"ReadAction\",\"target\":[\"https:\/\/beautezenmarseille.fr\/?page_id=4926\"]}]},{\"@type\":\"BreadcrumbList\",\"@id\":\"https:\/\/beautezenmarseille.fr\/?page_id=4926#breadcrumb\",\"itemListElement\":[{\"@type\":\"ListItem\",\"position\":1,\"name\":\"Accueil\",\"item\":\"https:\/\/beautezenmarseille.fr\/\"},{\"@type\":\"ListItem\",\"position\":2,\"name\":\"Maquillage\"}]},{\"@type\":\"WebSite\",\"@id\":\"https:\/\/beautezenmarseille.fr\/#website\",\"url\":\"https:\/\/beautezenmarseille.fr\/\",\"name\":\"https:\/\/beautezenmarseille.fr\/\",\"description\":\"\",\"publisher\":{\"@id\":\"https:\/\/beautezenmarseille.fr\/#\/schema\/person\/74276a7d43c192cc98229055581ee023\"},\"potentialAction\":[{\"@type\":\"SearchAction\",\"target\":{\"@type\":\"EntryPoint\",\"urlTemplate\":\"https:\/\/beautezenmarseille.fr\/?s={search_term_string}\"},\"query-input\":\"required name=search_term_string\"}],\"inLanguage\":\"fr-FR\"},{\"@type\":[\"Person\",\"Organization\"],\"@id\":\"https:\/\/beautezenmarseille.fr\/#\/schema\/person\/74276a7d43c192cc98229055581ee023\",\"name\":\"Sabrina18\",\"image\":{\"@type\":\"ImageObject\",\"inLanguage\":\"fr-FR\",\"@id\":\"https:\/\/beautezenmarseille.fr\/#\/schema\/person\/image\/\",\"url\":\"https:\/\/beautezenmarseille.fr\/wp-content\/uploads\/2023\/08\/beautezen13.webp\",\"contentUrl\":\"https:\/\/beautezenmarseille.fr\/wp-content\/uploads\/2023\/08\/beautezen13.webp\",\"width\":1200,\"height\":850,\"caption\":\"Sabrina18\"},\"logo\":{\"@id\":\"https:\/\/beautezenmarseille.fr\/#\/schema\/person\/image\/\"},\"sameAs\":[\"https:\/\/beautezenmarseille.fr\"]}]}<\/script>\n<!-- \/ Yoast SEO Premium plugin. -->","yoast_head_json":{"title":"Maquillage -","robots":{"index":"index","follow":"follow","max-snippet":"max-snippet:-1","max-image-preview":"max-image-preview:large","max-video-preview":"max-video-preview:-1"},"canonical":"https:\/\/beautezenmarseille.fr\/?page_id=4926","og_locale":"fr_FR","og_type":"article","og_title":"Maquillage","og_description":"Une mise en beaut\u00e9 conforme \u00e0 vos attentes Le jour de votre mariage est l\u2019un des moments les plus importants de votre vie. Vous voulez \u00eatre belle et confiante, et le maquillage peut vous aider \u00e0 atteindre cet objectif. Pour un look mari\u00e9e, optez pour un maquillage naturel qui mettra en valeur vos traits sans [&hellip;]","og_url":"https:\/\/beautezenmarseille.fr\/?page_id=4926","article_modified_time":"2023-08-23T20:06:32+00:00","og_image":[{"width":1510,"height":1510,"url":"https:\/\/beautezenmarseille.fr\/wp-content\/uploads\/2023\/07\/young-woman-smiling-and-stroking-legs-e1646711886895.jpg","type":"image\/jpeg"}],"twitter_card":"summary_large_image","twitter_misc":{"Dur\u00e9e de lecture estim\u00e9e":"1 minute"},"schema":{"@context":"https:\/\/schema.org","@graph":[{"@type":"WebPage","@id":"https:\/\/beautezenmarseille.fr\/?page_id=4926","url":"https:\/\/beautezenmarseille.fr\/?page_id=4926","name":"Maquillage -","isPartOf":{"@id":"https:\/\/beautezenmarseille.fr\/#website"},"datePublished":"2023-08-05T11:45:59+00:00","dateModified":"2023-08-23T20:06:32+00:00","breadcrumb":{"@id":"https:\/\/beautezenmarseille.fr\/?page_id=4926#breadcrumb"},"inLanguage":"fr-FR","potentialAction":[{"@type":"ReadAction","target":["https:\/\/beautezenmarseille.fr\/?page_id=4926"]}]},{"@type":"BreadcrumbList","@id":"https:\/\/beautezenmarseille.fr\/?page_id=4926#breadcrumb","itemListElement":[{"@type":"ListItem","position":1,"name":"Accueil","item":"https:\/\/beautezenmarseille.fr\/"},{"@type":"ListItem","position":2,"name":"Maquillage"}]},{"@type":"WebSite","@id":"https:\/\/beautezenmarseille.fr\/#website","url":"https:\/\/beautezenmarseille.fr\/","name":"https:\/\/beautezenmarseille.fr\/","description":"","publisher":{"@id":"https:\/\/beautezenmarseille.fr\/#\/schema\/person\/74276a7d43c192cc98229055581ee023"},"potentialAction":[{"@type":"SearchAction","target":{"@type":"EntryPoint","urlTemplate":"https:\/\/beautezenmarseille.fr\/?s={search_term_string}"},"query-input":"required name=search_term_string"}],"inLanguage":"fr-FR"},{"@type":["Person","Organization"],"@id":"https:\/\/beautezenmarseille.fr\/#\/schema\/person\/74276a7d43c192cc98229055581ee023","name":"Sabrina18","image":{"@type":"ImageObject","inLanguage":"fr-FR","@id":"https:\/\/beautezenmarseille.fr\/#\/schema\/person\/image\/","url":"https:\/\/beautezenmarseille.fr\/wp-content\/uploads\/2023\/08\/beautezen13.webp","contentUrl":"https:\/\/beautezenmarseille.fr\/wp-content\/uploads\/2023\/08\/beautezen13.webp","width":1200,"height":850,"caption":"Sabrina18"},"logo":{"@id":"https:\/\/beautezenmarseille.fr\/#\/schema\/person\/image\/"},"sameAs":["https:\/\/beautezenmarseille.fr"]}]}},"_links":{"self":[{"href":"https:\/\/beautezenmarseille.fr\/index.php?rest_route=\/wp\/v2\/pages\/4926","targetHints":{"allow":["GET"]}}],"collection":[{"href":"https:\/\/beautezenmarseille.fr\/index.php?rest_route=\/wp\/v2\/pages"}],"about":[{"href":"https:\/\/beautezenmarseille.fr\/index.php?rest_route=\/wp\/v2\/types\/page"}],"author":[{"embeddable":true,"href":"https:\/\/beautezenmarseille.fr\/index.php?rest_route=\/wp\/v2\/users\/1"}],"replies":[{"embeddable":true,"href":"https:\/\/beautezenmarseille.fr\/index.php?rest_route=%2Fwp%2Fv2%2Fcomments&post=4926"}],"version-history":[{"count":49,"href":"https:\/\/beautezenmarseille.fr\/index.php?rest_route=\/wp\/v2\/pages\/4926\/revisions"}],"predecessor-version":[{"id":5880,"href":"https:\/\/beautezenmarseille.fr\/index.php?rest_route=\/wp\/v2\/pages\/4926\/revisions\/5880"}],"wp:featuredmedia":[{"embeddable":true,"href":"https:\/\/beautezenmarseille.fr\/index.php?rest_route=\/wp\/v2\/media\/4842"}],"wp:attachment":[{"href":"https:\/\/beautezenmarseille.fr\/index.php?rest_route=%2Fwp%2Fv2%2Fmedia&parent=4926"}],"curies":[{"name":"wp","href":"https:\/\/api.w.org\/{rel}","templated":true}]}}